ose -z*c + 8656 = -4*c. What is the units digit of c?
1
Let r be 1*(-2 + 4)*2. Suppose -686 = -k + 442. Suppose 4*x - k = -r*x. What is the tens digit of x?
4
Let q(w) = -319*w**3 - 10*w**2 + 9*w + 34. What is the thousands digit of q(-3)?
8
Let n(w) = 4*w + 300. Suppose 0 = -60*y + 59*y. What is the tens digit of n(y)?
0
Suppose -3*t - 2*t - 745 = -4*k, 4*t = -5*k - 596. Let l = t - -228. What is the units digit of l?
9
Let d be 7 + (-7 - -9)*-2. Suppose -5*q - z + 1105 = 0, d*q = 5*z + 569 + 94. What is the tens digit of q?
2
Suppose -2*o - 81 = 5. Let a = o - -47. Suppose z = -a*z + 125. What is the units digit of z?
5
Let v = 60 - 105. What is the hundreds digit of ((-51)/(-1))/(v/(-390))?
4
Let j(x) = x**3 - x**2 + 1. Suppose 0*t = 3*n - t + 7, 4*t - 14 = 5*n. Let m(z) = z**3 - z**2 + 36. Let l(q) = n*j(q) + m(q). What is the units digit of l(0)?
4
Suppose -9922749 = -158*q + 3203259. What is the ten thousands digit of q?
8
What is the tens digit of (-375464)/(-72) - (-2)/9*(3 - 2)?
1
Let g(u) = -474*u + 357. What is the units digit of g(-26)?
1
Let f(a) = 2*a**3 - 30*a**2 + 21*a - 24. Let n = -123 + 138. What is the hundreds digit of f(n)?
2
Suppose j + 519994 = 32*j - 0*j. What is the thousands digit of j?
6
Suppose -y = 13 - 65. Suppose j + 3 = 0, -o + 4*j + y = 3*o. Suppose -558 = -o*u + u. What is the tens digit of u?
6
Let h be 2 - (-521)/1*1. Suppose -12 + 62 = 10*a. What is the hundreds digit of (a - h/2)*4/(-6)?
1
What is the ten thousands digit of 2*7*230665/70?
4
Suppose -3*s - 121668 = -3*t - 4200, 3*t = -s + 117472. What is the ten thousands digit of t?
3
Let x(j) = -3*j**3 - 25*j**2 + 33*j - 58. What is the hundreds digit of x(-14)?
8
Let h(a) = -2*a**3 - 3*a**2 + a + 1. Let x be h(2). Let z = x + 21. What is the tens digit of (0 - (-21)/(-6))*56/z?
4
Let z(t) = -17 + 195*t + t**2 - 195*t. Let w be z(0). Let g = -16 - w. What is the units digit of g?
1
Let n(y) = y**2 + 2*y + 3. Let s be ((-5)/10)/(3/72). What is the tens digit of n(s)?
2
Let u = 5 - -20. Suppose -5*v + u = -2*x, -3*x - 4*v + 20 = -7*x. Let b(p) = -p**2 + 3*p + 52. What is the tens digit of b(x)?
5
Let j(o) = -45*o**3 + o**2. Let x(n) = -n**2 + n - 1. Let m(a) = a**2 + 10*a + 3. Let u(z) = -m(z) - 2*x(z). Let f be u(12). What is the units digit of j(f)?
6
Let h = -20 + 9. Let x(o) = -58*o + 312. What is the units digit of x(h)?
0
Let g = 50802 + -29314. What is the tens digit of g?
8
Suppose -6*w + 10*w - 224 = 0. Let y be (0 + -3 + 4)*w. Let n = y - 26. What is the units digit of n?
0
Suppose a + 6*r - 17 = 9*r, -3 = -3*a - 3*r. Suppose 0 = -a*t - 6*t + 3190. What is the tens digit of t?
9
Let i(x) be the third derivative of -x**6/30 + x**5/20 - 5*x**4/24 - 5*x**3/6 + 14*x**2 - 2. What is the tens digit of i(-4)?
1
Suppose 81*w = -45*w + 527317 + 2001881. What is the thousands digit of w?
0
Let f(a) = a**3 - 4*a**2 - 158*a + 27. What is the tens digit of f(23)?
4
Let v(i) = -i**3 - 5*i**2 - 5*i - 1. Let b be v(-4). Let d be 91/12*b - 1/(-4). Suppose -21*m = -d*m + 138. What is the units digit of m?
9
Let y = 21112 - 12550. What is the thousands digit of y?
8
Let f be 423/39 + 12/78. Suppose p - 23 = f. Suppose p = 4*w - 190. What is the units digit of w?
6
Let u = -4646 - -6740. Let h = -1230 + u. What is the units digit of h?
4
Suppose -61*l - 13*l + 17*l + 1182522 = 0. What is the tens digit of l?
4
Let w(x) = 4135*x**2 - 63*x + 30. What is the units digit of w(3)?
6
Let w be 15/(40/8) - -2. Suppose 2*u = -4*f + 6*f + 2442, -w*u - 5*f + 6145 = 0. What is the thousands digit of u?
1
Suppose -5*k + 104504 = 4*o, 78440 = o + 2*o - 4*k. What is the units digit of o?
6
Suppose -3*h + 3*l = -117558, -5*h = -3*l - 110274 - 85656. What is the ten thousands digit of h?
3
Let c = 193 + -199. What is the tens digit of 43 + (54/(-3))/c?
4
Suppose 2*d - 126 + 108 = 0. Suppose -d*v + 43 = -101. Suppose v*t = t + 345. What is the units digit of t?
3
Suppose b + 9*h = 4*h - 5, 21 = -2*b + h. Let z be ((-2)/3)/(b/(-1695)). Let g = -80 - z. What is the tens digit of g?
3
Let n(h) = 114*h + 4085. What is the tens digit of n(74)?
2
Let p = 397 - 373. What is the tens digit of ((-42)/9 - 8/p) + 175?
7
Let k(a) = -4*a**3 + 14*a**2 + 8*a + 27. Let i be k(-9). Let n = i + -2414. What is the units digit of n?
1
Suppose -2*x = -10, 20 = 4*y + 5*x - x. Suppose -4*i - 2808 = -17*i. Suppose -5*d + h = -i, y = 2*d + 5*h - 108. What is the units digit of d?
4
Let d = -17730 + 33315. What is the hundreds digit of d?
5
Suppose m - 432 = -427, 3*m = 5*h + 35. Let v(l) be the second derivative of 5*l**4/4 - 3*l**3/2 - 7*l**2 + l. What is the units digit of v(h)?
2
Let n = 26690 + -14155. What is the ten thousands digit of n?
1
Suppose 31499 = -17*i + 118505. What is the thousands digit of i?
5
Suppose 0*f = 2*f - 6*f. Suppose -7*m + 1017 = -2*m - 2*h, -3*m - h + 608 = f. What is the hundreds digit of m?
2
Suppose -3*f - 2*f = 5*u - 120, -2*u - 28 = -2*f. Suppose -8*p + 13 = -f. Suppose -8*k - 221 = -3*n - 3*k, p*n - 284 = -4*k. What is the units digit of n?
2
Suppose -7*i = 49 - 0. Let x be -422*(i/2 + 4). Let t = 492 + x. What is the units digit of t?
1
Suppose 0 = 2*j - 3*q + 4*q - 49, 3*j - 5*q = 41. Let d(n) = 51 - 17*n + 3*n + 0*n**2 + n**2 - 74. What is the units digit of d(j)?
3
Let d(i) = 14*i**3 - i**2. Let v be d(1). Suppose 5027 = v*q - 2539. What is the hundreds digit of q?
5
Let t(u) = 6*u**2 - 89*u - 173. What is the tens digit of t(-23)?
4
What is the ten thousands digit of (-411528)/(-130)*(5 - 0)?
1
Let w = 68 + -73. Let a(x) = -2*x**3 + x**2 - 2*x + 3. What is the tens digit of a(w)?
8
Let c = 40274 + -9432. What is the thousands digit of c?
0
Let k = 7275 + -4015. Suppose -23*r + k = -13*r. Let v = r + -81. What is the units digit of v?
5
What is the thousands digit of (-3)/((-18)/3976)*6 + -36 + 36?
3
Let m(g) = -107 + 44*g + 28*g + 65 - 115. What is the tens digit of m(10)?
6
Let z be (10/25)/(((-6)/45)/(-2)). Let m be (39/z)/(3/36). Suppose m = a - y, -204 = -3*a - 4*y + y. What is the tens digit of a?
7
Let z(f) be the second derivative of -f**4/12 + 10*f**3/3 + 55*f**2/2 + 25*f. Let a be z(22). Suppose -5*h = -a*h + 426. What is the tens digit of h?
7
Let k be (-19 + 19)/(-3 - -1). Let g be (k/2)/(-10 - -12). What is the units digit of (1 - g)*(13 + 45)?
8
What is the units digit of (-2)/(-5) + 3/(-6*(-45)/974304)?
6
What is the tens digit of 1*1850 - 12*1/(-4)?
5
Suppose 0 = 83*x - 777105 - 50986. What is the hundreds digit of x?
9
Let u(j) = j**2 - j - 8. Let k be u(-3). Let n be 0*(8*-1 + k + 3). Suppose -23*z + 27*z - 620 = n. What is the hundreds digit of z?
1
What is the thousands digit of (-11565)/(-514)*314/5?
1
Let f(h) = h**2 + 5*h + 2. Let l be f(-4). Let y be (1*-2)/(l/3) + 3. Suppose -23 = -y*t + 61. What is the tens digit of t?
1
Let z = 1202 - -2366. What is the units digit of z?
8
Let w = -45196 - -120288. What is the tens digit of w?
9
Suppose 0 = -35*r + 27*r + 169484 - 30972. What is the ten thousands digit of r?
1
Suppose 2*r - 4*r = -23164. Suppose 43718 = 26*q + r. What is the hundreds digit of q?
2
Suppose 3*j + 11*o - 72713 = 15*o, -3*j - o = -72703. What is the thousands digit of j?
4
Let c = -758 + 1339. Let l = -109 + c. What is the tens digit of l?
7
Let n be 17*(9/(-27) - 4/6). Let q = 22 + n. Suppose 2*x + 4 = -0, 0 = 5*t - q*x - 215. What is the tens digit of t?
4
Let s(g) = -g**3 + g**2 + 6*g + 9. Let b be (-4)/(-5)*165/(-22). Let h be (b - 1) + 36/12. What is the tens digit of s(h)?
6
Suppose 0 = 3*k - 3*x + 240, -k - 78 - 10 = x. Let p = 89 + k. Suppose -4*y + 3*m + 1340 = 436, 3*m = -p*y + 1130. What is the units digit of y?
6
Suppose -b = 4 - 0. What is the hundreds digit of 1/b + 16020/80?
2
Let g = -23 - -27. Suppose 120 = m - g*h, -5*h + 36 = m - 120. Suppose 0 = -2*n - x + m, x - 43 + 175 = 2*n. What is the units digit of n?
7
Suppose 5*a + 0*c - 6470 = -4*c, 0 = -a - 4*c + 1294. Suppose 23*o - a = 1765. What is the tens digit of o?
3
Suppose 3*i - 2*v = 3762 + 370, -5*i + v + 6882 = 0. Suppose 0 = -z - f + 2187, 0 = -2*z - 3*f - i + 5755. What is the tens digit of ((-184)/44 - -4) + z/22?
9
Let j = -71 - -44. Suppose 0 = -0*g + 3*g - 27. What is the units digit of (g - 11)*j/2?
7
Let o(a) = 200*a**2 - 154*a + 79. What is